mainder when 10017 is divided by 60?
57
Calculate the remainder when 400411 is divided by 133452.
55
Calculate the remainder when 7695 is divided by 1372.
835
What is the remainder when 17168 is divided by 818?
808
Calculate the remainder when 187223 is divided by 93601.
21
Calculate the remainder when 263 is divided by 245.
18
Calculate the remainder when 3272 is divided by 85.
42
Calculate the remainder when 8587 is divided by 2847.
46
Calculate the remainder when 2147 is divided by 1047.
53
Calculate the remainder when 1190 is divided by 100.
90
Calculate the remainder when 1587 is divided by 415.
342
Calculate the remainder when 6750114 is divided by 9.
6
Calculate the remainder when 11518 is divided by 160.
158
Calculate the remainder when 52356 is divided by 794.
746
What is the remainder when 6355 is divided by 268?
191
Calculate the remainder when 243883 is divided by 76.
75
What is the remainder when 19736 is divided by 1036?
52
Calculate the remainder when 9225 is divided by 214.
23
What is the remainder when 1089315 is divided by 99027?
18
What is the remainder when 609267 is divided by 10?
7
Calculate the remainder when 2770 is divided by 919.
13
What is the remainder when 14430 is divided by 146?
122
What is the remainder when 19897 is divided by 326?
11
Calculate the remainder when 4973 is divided by 663.
332
Calculate the remainder when 9495 is divided by 21.
3
What is the remainder when 27532 is divided by 20?
12
Calculate the remainder when 33664 is divided by 127.
9
Calculate the remainder when 5382 is divided by 244.
14
Calculate the remainder when 83823 is divided by 762.
3
Calculate the remainder when 95347 is divided by 297.
10
What is the remainder when 584 is divided by 521?
63
What is the remainder when 19432 is divided by 1213?
24
What is the remainder when 70687 is divided by 49?
29
Calculate the remainder when 23658 is divided by 9.
6
What is the remainder when 105067 is divided by 26213?
215
Calculate the remainder when 8595 is divided by 8401.
194
Calculate the remainder when 34037 is divided by 113.
24
What is the remainder when 2520 is divided by 311?
32
What is the remainder when 5672 is divided by 42?
2
Calculate the remainder when 3479 is divided by 97.
84
What is the remainder when 361038 is divided by 117?
93
What is the remainder when 187126 is divided by 1497?
1
What is the remainder when 7902 is divided by 6?
0
Calculate the remainder when 10636 is divided by 1181.
7
What is the remainder when 11712 is divided by 1664?
64
Calculate the remainder when 24501 is divided by 39.
9
Calculate the remainder when 1924 is divided by 291.
178
Calculate the remainder when 3782590 is divided by 22.
20
Calculate the remainder when 12464 is divided by 336.
32
What is the remainder when 852 is divided by 81?
42
What is the remainder when 132791 is divided by 1509?
1508
What is the remainder when 100885 is divided by 1903?
26
Calculate the remainder when 120549 is divided by 666.
3
What is the remainder when 943 is divided by 158?
153
Calculate the remainder when 877116 is divided by 86.
2
What is the remainder when 5174 is divided by 261?
215
What is the remainder when 1505 is divided by 50?
5
Calculate the remainder when 9210 is divided by 610.
60
What is the remainder when 109738 is divided by 109738?
0
Calculate the remainder when 3542 is divided by 819.
266
Calculate the remainder when 89980 is divided by 38.
34
What is the remainder when 84840 is divided by 7?
0
What is the remainder when 25321 is divided by 6329?
5
Calculate the remainder when 3447 is divided by 685.
22
What is the remainder when 15117 is divided by 270?
267
What is the remainder when 54736 is divided by 7811?
59
What is the remainder when 313737 is divided by 168?
81
What is the remainder when 2642 is divided by 12?
2
What is the remainder when 1029703 is divided by 257417?
35
What is the remainder when 2346 is divided by 65?
6
What is the remainder when 28668 is divided by 667?
654
What is the remainder when 525574 is divided by 183?
181
What is the remainder when 820 is divided by 397?
26
What is the remainder when 1084728 is divided by 5?
3
What is the remainder when 19210 is divided by 519?
7
What is the remainder when 2985 is divided by 995?
0
What is the remainder when 41757 is divided by 93?
0
What is the remainder when 31628 is divided by 264?
212
What is the remainder when 2737 is divided by 2557?
180
Calculate the remainder when 5482 is divided by 127.
21
What is the remainder when 19856 is divided by 4961?
12
Calculate the remainder when 404043 is divided by 293.
289
Calculate the remainder when 47249 is divided by 23505.
239
Calculate the remainder when 253734 is divided by 155.
154
Calculate the remainder when 9836 is divided by 48.
44
Calculate the remainder when 3343 is divided by 45.
13
Calculate the remainder when 628199 is divided by 38.
21
What is the remainder when 1241 is divided by 311?
308
What is the remainder when 1033 is divided by 19?
7
Calculate the remainder when 416962 is divided by 242.
238
Calculate the remainder when 1174 is divided by 432.
310
Calculate the remainder when 35281 is divided by 393.
304
What is the remainder when 23567 is divided by 118?
85
What is the remainder when 140069 is divided by 29?
28
What is the remainder when 888 is divided by 495?
393
Calculate the remainder when 15187 is divided by 35.
32
Calculate the remainder when 241119 is divided by 15.
9
What is the remainder when 1087 is divided by 9?
7
What is the remainder when 1617 is divided by 378?
105
Calculate the remainder when 516844 is divided by 382.
380
What is the remainder when 5355 is divided by 649?
163
What is the remainder when 12999 is divided by 802?
167
What is the remainder when 5147 is divided by 1280?
27
What is the remainder when 49648 is divided by 131?
130
Calculate the remainder when 549508 is divided by 81.
4
Calculate the remainder when 4797 is divided by 2395.
7
What is the remainder when 259 is divided by 193?
66
What is the remainder when 92608 is divided by 10?
8
Calculate the remainder when 302 is divided by 13.
3
What is the remainder when 14032 is divided by 472?
344
Calculate the remainder when 12367 is divided by 28.
19
Calculate the remainder when 48570 is divided by 92.
86
Calculate the remainder when 2195 is divided by 2193.
2
Calculate the remainder when 1361 is divided by 643.
75
Calculate the remainder when 63879 is divided by 21283.
30
Calculate the remainder when 935 is divided by 418.
99
What is the remainder when 1052968 is divided by 1119?
1108
Calculate the remainder when 1468 is divided by 1352.
116
What is the remainder when 1050 is divided by 523?
4
Calculate the remainder when 39447 is divided by 301.
16
Calculate the remainder when 2026 is divided by 952.
122
What is the remainder when 6668 is divided by 100?
68
What is the remainder when 6049 is divided by 330?
109
What is the remainder when 256 is divided by 68?
52
What is the remainder when 5270 is divided by 744?
62
Calculate the remainder when 13076 is divided by 468.
440
What is the remainder when 62852 is divided by 216?
212
Calculate the remainder when 915 is divided by 155.
140
Calculate the remainder when 334311 is divided by 262.
261
Calculate the remainder when 47007 is divided by 146.
141
What is the remainder when 5694 is divided by 1898?
0
What is the remainder when 2196 is divided by 362?
24
Calculate the remainder when 368079 is divided by 860.
859
Calculate the remainder when 1604146 is divided by 364.
362
Calculate the remainder when 44124 is divided by 213.
33
What is the remainder when 35999 is divided by 36?
35
Calculate the remainder when 3046 is divided by 42.
22
Calculate the remainder when 63122 is divided by 51.
35
Calculate the remainder when 4067 is divided by 117.
89
Calculate the remainder when 170905 is divided by 30.
25
What is the remainder when 259907 is divided by 19?
6
Calculate the remainder when 393296 is divided by 93.
92
What is the remainder when 3361 is divided by 130?
111
Calculate the remainder when 28128 is divided by 154.
100
What is the remainder when 11553 is divided by 2831?
229
What is the remainder when 981 is divided by 145?
111
Calculate the remainder when 4570 is divided by 23.
16
